In base 4, what is 130 + 1122?
1312
In base 12, what is 6b823 + -8?
6b817
In base 4, what is -22012 + -2231?
-30303
In base 8, what is -40 - -3045?
3005
In base 10, what is 0 + -1133473?
-1133473
In base 15, what is 0 - 509a?
-509a
In base 2, what is 10 + -10001011010110101011?
-10001011010110101001
In base 14, what is -1102 - a3?
-11a5
In base 4, what is -300133 - 12133?
-312332
In base 5, what is 100441202 + -2?
100441200
In base 13, what is -53b - -91?
-47a
In base 6, what is 424423 + -3?
424420
In base 11, what is a2 - -128?
21a
In base 2, what is 100110 + 10100100010111?
10100100111101
In base 16, what is -8 + 1fd?
1f5
In base 7, what is -1466 - 1054?
-2553
In base 6, what is 44 - 2234?
-2150
In base 9, what is -2 + 30348?
30346
In base 16, what is -665b + -2a?
-6685
In base 16, what is 44490 - 3?
4448d
In base 10, what is -128637 - 9?
-128646
In base 7, what is -115 + -341203?
-341321
In base 16, what is -7e + a0f?
991
In base 3, what is -110201 - 2210?
-120111
In base 13, what is -223 - 1a4?
-3c7
In base 15, what is d8 - -76?
15e
In base 2, what is -10000011110 - -100010110?
-1100001000
In base 3, what is 112 + 200200201000?
200200201112
In base 4, what is 3 - -112122222?
112122231
In base 4, what is -20 + -103032230?
-103032310
In base 5, what is 0 + -221412130?
-221412130
In base 5, what is -1233442 - -123?
-1233314
In base 5, what is 2103002 + 113?
2103120
In base 14, what is 1974 + 1?
1975
In base 15, what is -40d - b?
-419
In base 14, what is -15c6 - 171?
-1757
In base 5, what is -22330 - 4411?
-32241
In base 7, what is 16064231 - -2?
16064233
In base 4, what is -112212221 - 11?
-112212232
In base 16, what is -67 - -1815?
17ae
In base 13, what is 3b45 + -1?
3b44
In base 6, what is 1013500 - 12?
1013444
In base 10, what is -568 + 10?
-558
In base 14, what is -ab1 + 2?
-aad
In base 7, what is 1242330 + 2?
1242332
In base 9, what is -217 - -1868?
1651
In base 5, what is 100313 + -3043?
42220
In base 16, what is -23 + c20?
bfd
In base 2, what is -11 + -10000000110010?
-10000000110101
In base 13, what is -4815 + -9?
-4821
In base 7, what is -11 - -3451013?
3451002
In base 7, what is -5641442 + 2?
-5641440
In base 4, what is -1313011 - 3?
-1313020
In base 3, what is 1211001 - -20?
1211021
In base 2, what is 1001 + 11000001110111?
11000010000000
In base 11, what is -3978 + 0?
-3978
In base 4, what is -222 + -11000110?
-11000332
In base 7, what is 242 + -14116?
-13544
In base 3, what is 102101 + 1010221?
1120022
In base 9, what is 5641 + 28?
5670
In base 7, what is 215 + -125201?
-124653
In base 6, what is 21 - -24515?
24540
In base 7, what is -4234521 + 2?
-4234516
In base 9, what is -3351 + -1256?
-4617
In base 10, what is 1 + -14206?
-14205
In base 3, what is 110 + -1010022?
-1002212
In base 15, what is -75 - 232?
-2a7
In base 6, what is -344 + -244444?
-245232
In base 2, what is -101 - 110111111111110110?
-110111111111111011
In base 7, what is -135 - -6524?
6356
In base 2, what is 10101110101 - -1010101?
10111001010
In base 11, what is -17 + -2766?
-2782
In base 9, what is 1533 + -48?
1474
In base 5, what is -2320243133 + -2?
-2320243140
In base 9, what is 31253 + -34?
31218
In base 15, what is dcb + 1e?
dea
In base 4, what is -11 - 100122310?
-100122321
In base 12, what is -1436a1 + -4?
-1436a5
In base 3, what is -2121210101111 - -2?
-2121210101102
In base 8, what is -1366 + -24?
-1412
In base 13, what is -2 - -2b3?
2b1
In base 12, what is 5 - 128369?
-128364
In base 9, what is -42425 - -101?
-42324
In base 16, what is 64df - -2?
64e1
In base 2, what is -110010001010 - -1100110?
-110000100100
In base 4, what is 2 + 23210?
23212
In base 12, what is 99 - 18b1?
-1814
In base 6, what is 120535 + -3?
120532
In base 14, what is 0 - 12cba?
-12cba
In base 11, what is -43556 + 5?
-43551
In base 4, what is 2121322 + -12?
2121310
In base 6, what is -3 - 1100420?
-1100423
In base 14, what is 637 + -21?
616
In base 15, what is -229 - -27?
-202
In base 4, what is -3233112 - 110?
-3233222
In base 13, what is -2b1c - 1?
-2b20
In base 10, what is 7964 - -66?
8030
In base 9, what is 4 - -161358?
161363
In base 10, what is 3783 + -4?
3779
In base 15, what is -2 + -381c5?
-381c7
In base 5, what is 34301 + -2332?
31414
In base 9, what is -4 - 5077?
-5082
In base 12, what is -1 - -b8605?
b8604
In base 16, what is -1 - 176?
-177
In base 15, what is 10 - 3351a?
-3350a
In base 2, what is 11101100 + -11110010101?
-11010101001
In base 7, what is 236643 - 5?
236635
In base 2, what is 1111 + -1010011100101000?
-1010011100011001
In base 6, what is 5 + -142310?
-142301
In base 8, what is -7311 - 421?
-7732
In base 6, what is -440 + -2531?
-3411
In base 13, what is 2 - -74a86?
74a88
In base 12, what is b043 - 0?
b043
In base 5, what is 1220 - 12433?
-11213
In base 8, what is -263462 + -4?
-263466
In base 13, what is 2 - 1c309?
-1c307
In base 10, what is -14348 + -10?
-14358
In base 4, what is -33112 - -1310?
-31202
In base 12, what is -1bb32b - -2?
-1bb329
In base 4, what is -202323 - -220?
-202103
In base 3, what is -11 + 1212202011221?
1212202011210
In base 12, what is 56969 + 1?
5696a
In base 6, what is -210511 + -52?
-211003
In base 15, what is cc534 + -5?
cc52e
In base 6, what is 2342123 - -4?
2342131
In base 15, what is 0 - -2d60?
2d60
In base 15, what is 4dd03 + -2?
4dd01
In base 4, what is 10 - -310100123?
310100133
In base 7, what is -53 - 11300?
-11353
In base 9, what is 712562 + 1?
712563
In base 6, what is -451 + -23354?
-24245
In base 10, what is -252 + 217?
-35
In base 5, what is 4330 - 13100?
-3220
In base 3, what is 10011100 + -1202011?
1102012
In base 16, what is -12bc + -47?
-1303
In base 14, what is b3 - 10b?
-38
In base 11, what is 3 - -930?
933
In base 13, what is -3c + 79ba?
797b
In base 7, what is -2 + -165?
-200
In base 10, what is -2578 - -26?
-2552
In base 13, what is 89 + 326?
3b2
In base 10, what is 177371 - 1?
177370
In base 7, what is 6166033 - 2?
6166031
In base 2, what is 11100111 - -100100100?
1000001011
In base 15, what is bc - 9b1d?
-9a51
In base 16, what is -13181 - 0?
-13181
In base 12, what is 24 - 4272?
-424a
In base 10, what is 5 + -646093?
-646088
In base 7, what is -52 - -1005?
623
In base 9, what is 3 - -3356?
3360
In base 13, what is -1672 - bb?
-1760
In base 14, what is -450aa - 9?
-450b5
In base 13, what is -b58 + 49?
-b0c
In base 7, what is -40145 + 11?
-40134
In base 8, what is -25 - -15342?
15315
In base 15, what is -21d + -91?
-2ae
In base 11, what is 7 - -420216?
420222
In base 6, what is 40 - 21554?
-21514
In base 10, what is -23519 + 5?
-23514
In base 3, what is -20222021102000 + 1?
-20222021101222
In base 9, what is -14 + 15252?
15237
In base 16, what is -c6c6 - -1?
-c6c5
In base 16, what is 17 - -4b5?
4cc
In base 5, what is -1121210 - -4?
-1121201
In base 8, what is -3 + -26762?
-26765
In base 3, what is -11202 + -20022222?
-20111201
In base 3, what is -11 + -120001001?
-120001012
In base 10, what is 20 + 6726?
6746
In base 13, what is -5 + -5715?
-571a
In base 8, what is 36 - 23355?
-23317
In base 6, what is -22 - 441112?
-441134
In base 15, what is 394 + -6a?
329
In base 6, what is 214 - -2215?
2433
In base 4, what is -100012301 - -11?
-100012230
In base 6, what is -3231433 + 3?
-3231430
In base 8, what is -11 - -24402?
24371
In base 13, what is 0 + 39a20?
39a20
In base 3, what is -10 - 10121112?
-10121122
In base 15, what is 4 + 5164?
5168
In base 9, what is 2183 + 3?
2186
In base 15, what is 222eb + 0?
222eb
In base 3, what is 12101 - 220121?
-201020
In base 6, what is -4 - 33422?
-33430
In base 4, what is 1230032 + 1031?
1231123
In base 8, what is 304354 - -2?
304356
In base 6, what is 0 - -252210?
252210
In base 8, what is -126572 + -2?
-126574
In base 10, what is -40644 - 3?
-40647
In base 6, what is 3 + 2411305?
2411312
In base 8, what is -116 + 1445?
1327
In base 9, what is -11467 - 1202?
-12670
In base 2, what is -10101010110000 + -101?
-10101010110101
In base 5, what is -12 - -143?
131
In base 11, what is 8491 - -4?
8495
In base 4, what is 10133 - -13122?
23321
In base 3, what is -11 + 1121001112?
1121001101
In base 5, what is 3 - 222412?
-222404
In base 3, what is -12011 - -11020111?
11001100
In base 13, what is -a0ba + -5?
-a0c2
In base 14, what is 9 - c11?
-c06
In base 4, what is 30132 + -200?